{"id":23423,"date":"2019-10-10T18:38:34","date_gmt":"2019-10-10T18:38:34","guid":{"rendered":"http:\/\/www.dispeko.com.ar\/soluciones_y_sistemas_de_higiene\/?post_type=product&#038;p=23423"},"modified":"2019-12-19T16:25:07","modified_gmt":"2019-12-19T16:25:07","slug":"escobillon-frances-cerda-blanda-codigo-ins-001","status":"publish","type":"product","link":"https:\/\/www.fusionquimica.com.ar\/quimicos_concentrados_de_limpieza\/producto\/escobillon-frances-cerda-blanda-codigo-ins-001\/","title":{"rendered":"ESCOBILL\u00d3N FRANCES CERDA BLANDA | C\u00f3digo: INS-001"},"content":{"rendered":"<p><strong>Medidas:<\/strong><\/p>\n<p>40 CM. &#8211; C\u00f3d. ES-0056<\/p>\n<p>60 CM. &#8211; C\u00f3d. ES-0055<\/p>\n<p>100 CM. &#8211; C\u00f3d. ES-0067<\/p>\n","protected":false},"excerpt":{"rendered":"<p>Medidas: 40 CM. &#8211; C\u00f3d. ES-0056 60 CM. &#8211; C\u00f3d. ES-0055 100 CM. &#8211; C\u00f3d. ES-0067<\/p>\n","protected":false},"featured_media":23552,"template":"","meta":{"_joinchat":[]},"product_cat":[225],"product_tag":[],"class_list":{"0":"post-23423","1":"product","2":"type-product","3":"status-publish","4":"has-post-thumbnail","6":"product_cat-insumos","7":"product-grid-view","9":"first","10":"instock","11":"taxable","12":"shipping-taxable","13":"purchasable","14":"product-type-simple"},"_links":{"self":[{"href":"https:\/\/www.fusionquimica.com.ar\/quimicos_concentrados_de_limpieza\/wp-json\/wp\/v2\/product\/23423"}],"collection":[{"href":"https:\/\/www.fusionquimica.com.ar\/quimicos_concentrados_de_limpieza\/wp-json\/wp\/v2\/product"}],"about":[{"href":"https:\/\/www.fusionquimica.com.ar\/quimicos_concentrados_de_limpieza\/wp-json\/wp\/v2\/types\/product"}],"wp:featuredmedia":[{"embeddable":true,"href":"https:\/\/www.fusionquimica.com.ar\/quimicos_concentrados_de_limpieza\/wp-json\/wp\/v2\/media\/23552"}],"wp:attachment":[{"href":"https:\/\/www.fusionquimica.com.ar\/quimicos_concentrados_de_limpieza\/wp-json\/wp\/v2\/media?parent=23423"}],"wp:term":[{"taxonomy":"product_cat","embeddable":true,"href":"https:\/\/www.fusionquimica.com.ar\/quimicos_concentrados_de_limpieza\/wp-json\/wp\/v2\/product_cat?post=23423"},{"taxonomy":"product_tag","embeddable":true,"href":"https:\/\/www.fusionquimica.com.ar\/quimicos_concentrados_de_limpieza\/wp-json\/wp\/v2\/product_tag?post=23423"}],"curies":[{"name":"wp","href":"https:\/\/api.w.org\/{rel}","templated":true}]}}