{"id":23337,"date":"2019-10-10T14:45:32","date_gmt":"2019-10-10T14:45:32","guid":{"rendered":"http:\/\/www.dispeko.com.ar\/soluciones_y_sistemas_de_higiene\/?post_type=product&#038;p=23337"},"modified":"2019-12-19T16:24:55","modified_gmt":"2019-12-19T16:24:55","slug":"desinfectante-isoclor-codigo-ve-0074","status":"publish","type":"product","link":"https:\/\/www.fusionquimica.com.ar\/quimicos_concentrados_de_limpieza\/producto\/desinfectante-isoclor-codigo-ve-0074\/","title":{"rendered":"DESINFECTANTE ISOCLOR | C\u00f3digo: VE-0074"},"content":{"rendered":"<p><strong>GENERALIDADES:<\/strong>\u00a0Desinfectante para superficies. Staphylococcus aureus, salmonella cholerasulss, Escherichia coli, Pseudomonas aeruginosa, Aspergillus niger, C\u00e1ndida albicans.<\/p>\n<p><strong>DOSIFICACI\u00d3N:<\/strong>\u00a0Diluir 1 sobre (25 Grs.) en 5 litros de agua. Agite bien el producto. Dejar reposar m\u00ednimo 1 hora. Aplique la soluci\u00f3n del producto y d\u00e9jelo actuar 10 minutos.<\/p>\n<p><strong>PRESENTACI\u00d3N:<\/strong>\u00a0Caja por 100 sobres de 25 Grs. cada uno.<\/p>\n<p><strong>PRECAUCIONES:<\/strong>\u00a0Usar Guantes.<\/p>\n","protected":false},"excerpt":{"rendered":"<p><strong>PRESENTACI\u00d3N:<\/strong>\u00a0Caja por 100 sobres de 25 Grs. cada uno.<\/p>\n","protected":false},"featured_media":23638,"template":"","meta":{"_joinchat":[]},"product_cat":[228,86],"product_tag":[],"class_list":{"0":"post-23337","1":"product","2":"type-product","3":"status-publish","4":"has-post-thumbnail","6":"product_cat-desinfeccion-de-verduras","7":"product_cat-quimicos-concentrados","8":"product-grid-view","10":"first","11":"instock","12":"taxable","13":"shipping-taxable","14":"purchasable","15":"product-type-simple"},"_links":{"self":[{"href":"https:\/\/www.fusionquimica.com.ar\/quimicos_concentrados_de_limpieza\/wp-json\/wp\/v2\/product\/23337"}],"collection":[{"href":"https:\/\/www.fusionquimica.com.ar\/quimicos_concentrados_de_limpieza\/wp-json\/wp\/v2\/product"}],"about":[{"href":"https:\/\/www.fusionquimica.com.ar\/quimicos_concentrados_de_limpieza\/wp-json\/wp\/v2\/types\/product"}],"wp:featuredmedia":[{"embeddable":true,"href":"https:\/\/www.fusionquimica.com.ar\/quimicos_concentrados_de_limpieza\/wp-json\/wp\/v2\/media\/23638"}],"wp:attachment":[{"href":"https:\/\/www.fusionquimica.com.ar\/quimicos_concentrados_de_limpieza\/wp-json\/wp\/v2\/media?parent=23337"}],"wp:term":[{"taxonomy":"product_cat","embeddable":true,"href":"https:\/\/www.fusionquimica.com.ar\/quimicos_concentrados_de_limpieza\/wp-json\/wp\/v2\/product_cat?post=23337"},{"taxonomy":"product_tag","embeddable":true,"href":"https:\/\/www.fusionquimica.com.ar\/quimicos_concentrados_de_limpieza\/wp-json\/wp\/v2\/product_tag?post=23337"}],"curies":[{"name":"wp","href":"https:\/\/api.w.org\/{rel}","templated":true}]}}