{"id":23311,"date":"2019-10-10T13:07:24","date_gmt":"2019-10-10T13:07:24","guid":{"rendered":"http:\/\/www.dispeko.com.ar\/soluciones_y_sistemas_de_higiene\/?post_type=product&#038;p=23311"},"modified":"2019-12-19T16:24:54","modified_gmt":"2019-12-19T16:24:54","slug":"descarbonizante-fuerte-baja-espuma-cip-codigo-ve-0059","status":"publish","type":"product","link":"https:\/\/www.fusionquimica.com.ar\/quimicos_concentrados_de_limpieza\/producto\/descarbonizante-fuerte-baja-espuma-cip-codigo-ve-0059\/","title":{"rendered":"DESCARBONIZANTE FUERTE BAJA ESPUMA CIP | C\u00f3digo: VE-0059"},"content":{"rendered":"<p><strong>GENERALIDADES:<\/strong><br \/>\nEficaz desengrasante y descarbonizante alcalino. Se recomienda su uso industrial: cocinas, campanas, filtros, parrillas, pisos y paredes. Uso espec\u00edfico en limpieza de grasas y aceites animales y vegetales sobre cualquier superficie: holl\u00edn, pisos, mesadas y azulejos. En frigor\u00edficos, mataderos, industria qu\u00edmicas, criaderos de pollos, peladeros de pollos, hornos, cocinas, LIMPIEZA CIP, etc. No Aplicar sobre Aluminio. Puede usarse por inmersi\u00f3n, rociado o baldeo.<\/p>\n<p><strong>DOSIFICACI\u00d3N:<\/strong><br \/>\nPor Rociado: Se utiliza puro o 1 litro de producto hasta en 10 litros de agua (Seg\u00fan tiempo de acci\u00f3n).<\/p>\n<p>Por Inmersi\u00f3n: 1 litro de producto hasta en 50 litros de agua (Seg\u00fan tiempo de Acci\u00f3n). Su mejor rendimiento se logra con agua caliente.<\/p>\n<p><strong>PRESENTACI\u00d3N:<\/strong>\u00a0Caja por 4 Bidones de 5 litros.<\/p>\n<p><strong>PRECAUCIONES: PELIGRO CAUSTICO.<\/strong> Causa quemaduras, usar guantes, protecci\u00f3n ocular y delantal para su manipulaci\u00f3n.<\/p>\n","protected":false},"excerpt":{"rendered":"<p>GENERALIDADES: Eficaz desengrasante y descarbonizante alcalino. Se recomienda su uso industrial: cocinas, campanas, filtros, parrillas, pisos y paredes. Uso espec\u00edfico [&hellip;]<\/p>\n","protected":false},"featured_media":23636,"template":"","meta":{"_joinchat":[]},"product_cat":[226,86],"product_tag":[],"class_list":{"0":"post-23311","1":"product","2":"type-product","3":"status-publish","4":"has-post-thumbnail","6":"product_cat-area-limpieza-general","7":"product_cat-quimicos-concentrados","8":"product-grid-view","10":"first","11":"instock","12":"taxable","13":"shipping-taxable","14":"purchasable","15":"product-type-simple"},"_links":{"self":[{"href":"https:\/\/www.fusionquimica.com.ar\/quimicos_concentrados_de_limpieza\/wp-json\/wp\/v2\/product\/23311"}],"collection":[{"href":"https:\/\/www.fusionquimica.com.ar\/quimicos_concentrados_de_limpieza\/wp-json\/wp\/v2\/product"}],"about":[{"href":"https:\/\/www.fusionquimica.com.ar\/quimicos_concentrados_de_limpieza\/wp-json\/wp\/v2\/types\/product"}],"wp:featuredmedia":[{"embeddable":true,"href":"https:\/\/www.fusionquimica.com.ar\/quimicos_concentrados_de_limpieza\/wp-json\/wp\/v2\/media\/23636"}],"wp:attachment":[{"href":"https:\/\/www.fusionquimica.com.ar\/quimicos_concentrados_de_limpieza\/wp-json\/wp\/v2\/media?parent=23311"}],"wp:term":[{"taxonomy":"product_cat","embeddable":true,"href":"https:\/\/www.fusionquimica.com.ar\/quimicos_concentrados_de_limpieza\/wp-json\/wp\/v2\/product_cat?post=23311"},{"taxonomy":"product_tag","embeddable":true,"href":"https:\/\/www.fusionquimica.com.ar\/quimicos_concentrados_de_limpieza\/wp-json\/wp\/v2\/product_tag?post=23311"}],"curies":[{"name":"wp","href":"https:\/\/api.w.org\/{rel}","templated":true}]}}